7*p + 43. Determine z(-6).
145
Let z(s) = s**3 + 14*s**2 + 19*s - 20. Determine z(-11).
134
Let w(p) = p**3 - 27*p**2 + 30*p + 397. Give w(5).
-3
Let l(s) = s**3 + 17*s**2 - 8*s - 41. Determine l(-17).
95
Let g(r) = r**3 + 118*r**2 + 230*r - 235. Calculate g(-116).
-3
Let u(z) = -8*z**3 - 4*z**2 + 622*z + 1243. Determine u(-2).
47
Let j(s) = -s**3 - 42*s**2 + 177*s - 307. What is j(-46)?
15
Let c(a) = -2*a**3 + 57*a**2 + 30*a - 44. Give c(29).
-15
Let p(x) = -802*x + 18461. Determine p(23).
15
Let j(q) = -2*q**2 - 2281*q - 15850. Give j(-7).
19
Let i(q) = 2*q**3 - 68*q**2 - 9*q + 299. Calculate i(34).
-7
Let i(n) = 3*n**3 + 10*n**2 + 13*n - 5. Calculate i(-4).
-89
Let n(i) = -4*i**2 + 700*i - 694. Calculate n(174).
2
Let m(f) = f**3 - 13*f**2 - 38*f + 137. Give m(15).
17
Let a(o) = -404*o**2 + 799*o + 24. Give a(2).
6
Let n(a) = -a**2 + 5*a + 304. Calculate n(21).
-32
Let r(l) = -6*l**2 + 94*l - 307. Calculate r(5).
13
Let n(r) = r**3 + 14*r**2 - 70*r - 11. Calculate n(-18).
-47
Let a(o) = -2*o**3 + 31*o**2 + 24*o + 9. Determine a(16).
137
Let q(x) = 298*x - 575. Determine q(2).
21
Let q(m) = m**3 + 84*m**2 - 647*m + 97. Give q(7).
27
Let z(h) = -h**3 - 9*h**2 - 27*h - 37. Give z(-2).
-11
Let g(i) = -3*i**2 + 48*i - 474. What is g(12)?
-330
Let v(j) = -11*j - 9. What is v(1)?
-20
Let w(f) = -100*f - 542. Give w(-5).
-42
Let z(l) = -2*l**2 + 60*l - 385. Give z(20).
15
Let s(b) = b**2 - 271*b - 4009. Give s(-14).
-19
Let a(v) = 42*v + 624. Give a(-18).
-132
Let j(p) = -877*p + 4398. Give j(5).
13
Let n(b) = b**3 + 3*b**2 - 75*b + 33. What is n(7)?
-2
Let g(t) = 66*t - 32. Give g(3).
166
Let k(m) = -25*m + 249. Calculate k(17).
-176
Let i(x) = 3077*x - 9269. Determine i(3).
-38
Let t(k) = -k**2 + 23*k + 8. What is t(17)?
110
Let b(f) = -28*f + 841. What is b(31)?
-27
Let u(l) = 78*l + 5837. Determine u(-75).
-13
Let q(g) = 20*g**2 - 5*g - 4. Calculate q(-1).
21
Let w(h) = 340*h - 12. Give w(1).
328
Let n(t) = -2*t**2 - t - 45. Calculate n(0).
-45
Let m(h) = 12*h - 460. Calculate m(41).
32
Let d(o) = 40*o + 67. What is d(-7)?
-213
Let o(x) = 27*x + 548. What is o(-18)?
62
Let t(x) = -4*x**2 - 122*x + 1229. Calculate t(8).
-3
Let f(k) = -3*k + 140. Give f(45).
5
Let q(v) = 9067*v - 126934. What is q(14)?
4
Let z(t) = t - 12. Give z(-20).
-32
Let u(h) = -h**3 + 31*h**2 + 27*h + 200. Determine u(32).
40
Let w(l) = -l**2 + 5*l + 95. Determine w(-7).
11
Let m(h) = h**2 - 607*h + 3578. Give m(6).
-28
Let i(q) = 67*q + 899. Calculate i(-12).
95
Let z(h) = 3*h**2 + 94*h - 110. Give z(-26).
-526
Let w(y) = -y**3 - 36*y**2 + 515*y + 15. Calculate w(11).
-7
Let g(k) = -k**3 - 12*k**2 + 39*k + 569. Calculate g(-8).
1
Let o(q) = -9569*q - 86124. What is o(-9)?
-3
Let x(z) = 15*z + 17. Calculate x(6).
107
Let r(k) = -30*k**2 - 114*k - 15. Determine r(-4).
-39
Let h(n) = -86*n - 7369. Calculate h(-86).
27
Let q(u) = 3*u**2 - 3572*u - 7142. What is q(-2)?
14
Let g(l) = l**2 - 87*l + 1766. Determine g(53).
-36
Let q(w) = 1211*w - 2427. What is q(2)?
-5
Let n(g) = 65*g + 372. Give n(-5).
47
Let r(h) = -65*h - 1103. What is r(-17)?
2
Let d(s) = -709*s - 42551. Calculate d(-60).
-11
Let c(x) = -559*x - 11168. What is c(-20)?
12
Let j(x) = -4*x**3 + 77*x**2 + 146*x + 24. Give j(21).
3
Let y(o) = 8*o**2 + 6*o - 40. Determine y(5).
190
Let j(r) = -15*r - 141. Determine j(-12).
39
Let z(w) = -17*w**2 + 10*w - 7. What is z(1)?
-14
Let h(s) = s**3 - 11*s**2 - 40*s - 34. Determine h(14).
-6
Let u(r) = 62*r + 2289. What is u(-37)?
-5
Let z(d) = -9*d**3 - 5*d**2 + 10*d - 2. Give z(2).
-74
Let n(a) = -2*a**3 + 4*a**2 - 82*a + 374. What is n(4)?
-18
Let d(g) = -55*g**2 - 53*g + 8. Calculate d(-1).
6
Let k(n) = -n**2 + 2061*n + 24854. What is k(-12)?
-22
Let z(y) = 6*y**2 - 50*y - 100. Give z(10).
0
Let j(a) = a**2 - 183*a + 2062. What is j(12)?
10
Let o(s) = -s**3 - 4*s**2 + 6*s + 16. Determine o(-3).
-11
Let m(z) = 6*z - 560. Determine m(67).
-158
Let w(x) = x**3 - 22*x**2 + 72*x + 6. Calculate w(15).
-489
Let k(r) = 3*r**2 - 55*r + 220. Determine k(6).
-2
Let i(v) = 57*v - 3. Give i(4).
225
Let i(m) = -123*m + 3185. Give i(26).
-13
Let p(i) = 266*i + 2663. What is p(-10)?
3
Let q(u) = -5*u**2 + 282*u - 378. Determine q(55).
7
Let n(p) = -p**3 + 69*p**2 + 134*p + 472. Give n(71).
-96
Let q(i) = -75*i + 260. Give q(2).
110
Let v(q) = -2*q**3 + 4*q**2 + 150*q + 4. Determine v(0).
4
Let l(c) = -c**2 + 29*c - 128. Give l(26).
-50
Let f(j) = j**3 - 74*j**2 - 298*j - 1064. What is f(78)?
28
Let v(g) = -10*g - 1031. What is v(-104)?
9
Let w(h) = 226*h + 9941. Give w(-44).
-3
Let p(n) = -2*n**3 + 10*n**2 + 50*n - 17. What is p(8)?
-1
Let c(m) = -460*m - 921. Determine c(-2).
-1
Let w(x) = -x**3 - 3*x**2 - 29*x - 124. Determine w(-4).
8
Let k(n) = 6*n**2 + 185*n - 538. Give k(3).
71
Let q(v) = -v**3 + 10*v**2 + 79*v + 19. Give q(15).
79
Let s(f) = -f**3 - 298*f**2 + 3402*f + 934. Give s(-309).
7
Let w(t) = t**3 + 34*t**2 - 69*t + 107. Determine w(-36).
-1
Let z(w) = -w**3 + 31*w**2 + 22*w + 232. What is z(32)?
-88
Let x(k) = -k**3 - 11*k**2 - 36*k - 335. Calculate x(-9).
-173
Let r(d) = 2*d**3 - 18*d**2 + 48*d - 369. Calculate r(9).
63
Let z(w) = w**2 + 54*w + 198. Give z(-49).
-47
Let z(h) = 322*h - 10337. Give z(32).
-33
Let m(v) = v**3 + 15*v**2 - 95*v + 23. What is m(7)?
436
Let k(m) = 3*m**2 + 50*m - 678. Determine k(-25).
-53
Let c(y) = -y**2 + 194*y - 573. Calculate c(3).
0
Let q(j) = 1075*j + 9693. Give q(-9).
18
Let i(a) = a**3 - 14*a**2 - 34*a. Calculate i(16).
-32
Let x(h) = h**2 - 12*h - 761. What is x(35)?
44
Let x(h) = -2517*h - 17609. Determine x(-7).
10
Let d(f) = 29*f - 244. Calculate d(7).
-41
Let o(k) = k**3 + 81*k**2 + 829*k + 4. Give o(-12).
-8
Let d(i) = -34*i**2 - 14*i + 34. Give d(2).
-130
Let k(x) = 10*x**2 + 198*x - 2590. Determine k(9).
2
Let b(l) = 451*l**2 + 8*l - 7. Determine b(1).
452
Let q(f) = 208*f**2 + 839*f + 21. Give q(-4).
-7
Let w(b) = -2*b**3 - 63*b**2 - 72*b + 607. Calculate w(-30).
67
Let o(c) = -c**3 - 7*c**2 + 13*c + 1. What is o(-6)?
-113
Let w(x) = x**3 + 18*x**2 - 60*x + 62. Determine w(-21).
-1
Let i(g) = -2*g**2 - 13*g - 102. What is i(-6)?
-96
Let m(f) = f**3 - 6*f**2 - 17*f + 60. What is m(7)?
-10
Let a(w) = -826*w + 75160. Give a(91).
-6
Let i(m) = -254*m**2 + 5*m + 5. Give i(-1).
-254
Let a(h) = 266*h + 1329. What is a(-5)?
-1
Let a(v) = -2*v**3 - 7*v**2 - 7*v + 9. Give a(-2).
11
Let x(m) = -m**3 + 4*m**2 + 108*m - 559. Give x(9).
8
Let c(q) = 5*q**2 - 18*q + 159. Determine c(10).
479
Let v(b) = -b**3 - 14*b**2 + 111*b + 20. Calculate v(6).
-34
Let t(q) = -9*q**2 - 16*q - 97. What is t(-3)?
-130
Let h(j) = -34*j**2 + j - 1. Give h(-2).
-139
Let t(p) = -933*p + 12117. What is t(13)?
-12
Let c(r) = -4350*r + 17411. Give c(4).
11
Let u(t) = 3*t**3 + 18*t**2 - 52*t + 21. Give u(-8).
53
Let i(q) = 2*q**2 - 200*q - 666. Determine i(100).
-666
Let m(n) = n**2 + 50*n + 144. Determine m(-47).
3
Let x(f) = 139*f + 1659. What is x(-11)?
130
Let y(m) = -30*m + 108. Give y(2).
48
Let r(x) = -5*x - 77. Calculate r(-13).
-12
Let m(t) = -t**3 + 47*t**2 - 215*t + 216. Calculate m(42).
6
Let p(k) = 498*k - 11453. What is p(23)?
1
Let y(o) = 4*o**2 + 18*o + 16. Calculate y(-5).
26
Let r(d) = 3*d**3 + 5*d**2 + 9*d + 24. Give r(-5).
-271
Let l(s) = -6*s**2 + 743*s + 875. Determine l(125).
0
Let k(x) = -x**3 - 25*x**2 + 5*x + 117. Calculate k(-25).
-8
Let o(u) = u**2 - 13*u - 2. Determine o(14).
12
Let w(v) = -4*v - 4. Calculate w(2).
-12
Let k(r) = 21*r - 15. Calculate k(8).
153
Let t(r) = -378*r + 4670. What is t(12)?
134
Let z(n) = 5*n**2 + 149*n + 195. Calculate z(-26).
-299
Let p(u) = -2*u**2 - 17*u - 112. Determine p(10).
-482
Let m(y) = 2084*y - 10423. Determine m(5).
-3
Let b(t) = -t**3 + 5*t**2 + 84*t - 5. Give b(-7).
-5
Let b(m) = 59*m + 78. Give b(5).
373
Let z(f) = 5*f**3 - 14*f**2 - 26*f + 12. What is z(-3)?
-171
Let v(h) = 3*h**2 - 83*h + 434. Determine v(7).
0
Let h(c) = 941*c - 924. Calculate h(1).
17
Let w(p) = -10*p - 11. Give w(-7).
59
Let a(n) = n**3 + 71*n**2 + 131*n - 393. Determine a(-69).
90
Let q(j) = j**3 - 18*j**2 - 371*j + 6615. Calculate q(20).
-5
Let s(a) = -a**3 + 18*a**2 - 66*a + 37. Calculate s(14).
-103
Let f(j) = -212*j - 638. Calculate f(-3).
-2
Let o(g) = 19*g - 1723. Give o(90).
-13
Let m(r) = -r**3 + 46*r**2 + 1